{"id":24,"date":"2025-12-10T19:10:28","date_gmt":"2025-12-10T18:10:28","guid":{"rendered":"https:\/\/infopointmottola.com\/?page_id=24"},"modified":"2025-12-19T21:00:56","modified_gmt":"2025-12-19T20:00:56","slug":"fede-e-tradizione","status":"publish","type":"page","link":"https:\/\/infopointmottola.com\/es\/fede-e-tradizione\/","title":{"rendered":"Fede e tradizione"},"content":{"rendered":"\r\n<div class=\"wp-block-cover alignfull is-light is-repeated flip\" style=\"margin-top:0;margin-bottom:0;min-height:100px;aspect-ratio:unset;\"><div class=\"wp-block-cover__image-background wp-image-460 size-full is-repeated\" style=\"background-position:50% 50%;background-image:url(https:\/\/infopointmottola.com\/wp-content\/uploads\/2025\/12\/path281.png)\"><\/div><span aria-hidden=\"true\" class=\"wp-block-cover__background has-background-dim-0 has-background-dim\"><\/span><div class=\"wp-block-cover__inner-container has-global-padding is-layout-constrained wp-block-cover-is-layout-constrained\">\r\n<p class=\"has-text-align-center has-large-font-size\"><\/p>\r\n<\/div><\/div>\r\n\r\n\r\n\r\n<div style=\"height:50px\" aria-hidden=\"true\" class=\"wp-block-spacer\"><\/div>\r\n\r\n\r\n\r\n<p>Mottola es una ciudad que vive de fe, historia y tradiciones populares. Sus celebraciones religiosas cuentan siglos de devoci\u00f3n e identidad, entrelazando espiritualidad, cultura y comunidad.<br>Cada a\u00f1o, las calles del centro hist\u00f3rico se llenan de luces, sonidos y oraciones, ofreciendo a los visitantes una experiencia aut\u00e9ntica y sugestiva.<\/p>\r\n\r\n\r\n\r\n<div class=\"wp-block-group has-global-padding is-layout-constrained wp-block-group-is-layout-constrained\">\r\n<div class=\"wp-block-query alignwide is-layout-flow wp-block-query-is-layout-flow\">\r\n<div class=\"wp-block-group has-global-padding is-layout-constrained wp-block-group-is-layout-constrained\"><\/div>\r\n\r\n\r\n\r\n<div class=\"wp-block-group is-layout-flow wp-block-group-is-layout-flow\" style=\"padding-top:var(--wp--preset--spacing--50);padding-bottom:var(--wp--preset--spacing--50)\"><ul class=\"wp-block-post-template is-layout-grid wp-container-core-post-template-is-layout-3cd8e4d2 wp-block-post-template-is-layout-grid\"><li class=\"wp-block-post post-904 post type-post status-publish format-standard has-post-thumbnail hentry category-fede-e-religione\">\r\n\r\n<div class=\"wp-block-cover has-custom-content-position is-position-bottom-center animated fadeInUp o-anim-offset-o-anim-offset-0px\"><span aria-hidden=\"true\" class=\"wp-block-cover__background has-background-dim-30 has-background-dim\"><\/span><img loading=\"lazy\" decoding=\"async\" width=\"1536\" height=\"1024\" src=\"https:\/\/infopointmottola.com\/wp-content\/uploads\/2025\/12\/falo-san-giuseppe.png\" class=\"wp-block-cover__image-background wp-post-image\" alt=\"\" data-object-fit=\"cover\" srcset=\"https:\/\/infopointmottola.com\/wp-content\/uploads\/2025\/12\/falo-san-giuseppe.png 1536w, https:\/\/infopointmottola.com\/wp-content\/uploads\/2025\/12\/falo-san-giuseppe-300x200.png 300w, https:\/\/infopointmottola.com\/wp-content\/uploads\/2025\/12\/falo-san-giuseppe-1024x683.png 1024w, https:\/\/infopointmottola.com\/wp-content\/uploads\/2025\/12\/falo-san-giuseppe-768x512.png 768w\" sizes=\"auto, (max-width: 1536px) 100vw, 1536px\" \/><div class=\"wp-block-cover__inner-container has-global-padding is-layout-constrained wp-block-cover-is-layout-constrained\"><h2 class=\"wp-block-post-title\"><a href=\"https:\/\/infopointmottola.com\/es\/fede-e-religione\/festa-di-san-giuseppe\/\" target=\"_self\" >Festa di San Giuseppe<\/a><\/h2>\r\n\r\n\r\n<hr class=\"wp-block-separator has-text-color has-base-color has-alpha-channel-opacity has-base-background-color has-background\"\/>\r\n<\/div><\/div>\r\n\r\n<\/li><li class=\"wp-block-post post-895 post type-post status-publish format-standard has-post-thumbnail hentry category-fede-e-religione\">\r\n\r\n<div class=\"wp-block-cover has-custom-content-position is-position-bottom-center animated fadeInUp o-anim-offset-o-anim-offset-0px\"><span aria-hidden=\"true\" class=\"wp-block-cover__background has-background-dim-30 has-background-dim\"><\/span><img loading=\"lazy\" decoding=\"async\" width=\"1600\" height=\"1200\" src=\"https:\/\/infopointmottola.com\/wp-content\/uploads\/2025\/12\/carmine.jpg\" class=\"wp-block-cover__image-background wp-post-image\" alt=\"\" data-object-fit=\"cover\" srcset=\"https:\/\/infopointmottola.com\/wp-content\/uploads\/2025\/12\/carmine.jpg 1600w, https:\/\/infopointmottola.com\/wp-content\/uploads\/2025\/12\/carmine-300x225.jpg 300w, https:\/\/infopointmottola.com\/wp-content\/uploads\/2025\/12\/carmine-1024x768.jpg 1024w, https:\/\/infopointmottola.com\/wp-content\/uploads\/2025\/12\/carmine-768x576.jpg 768w, https:\/\/infopointmottola.com\/wp-content\/uploads\/2025\/12\/carmine-1536x1152.jpg 1536w\" sizes=\"auto, (max-width: 1600px) 100vw, 1600px\" \/><div class=\"wp-block-cover__inner-container has-global-padding is-layout-constrained wp-block-cover-is-layout-constrained\"><h2 class=\"wp-block-post-title\"><a href=\"https:\/\/infopointmottola.com\/es\/fede-e-religione\/festa-della-beata-vergine-del-carmelo\/\" target=\"_self\" >Festa della Beata Vergine del Carmelo<\/a><\/h2>\r\n\r\n\r\n<hr class=\"wp-block-separator has-text-color has-base-color has-alpha-channel-opacity has-base-background-color has-background\"\/>\r\n<\/div><\/div>\r\n\r\n<\/li><li class=\"wp-block-post post-886 post type-post status-publish format-standard has-post-thumbnail hentry category-fede-e-religione\">\r\n\r\n<div class=\"wp-block-cover has-custom-content-position is-position-bottom-center animated fadeInUp o-anim-offset-o-anim-offset-0px\"><span aria-hidden=\"true\" class=\"wp-block-cover__background has-background-dim-30 has-background-dim\"><\/span><img loading=\"lazy\" decoding=\"async\" width=\"1536\" height=\"2048\" src=\"https:\/\/infopointmottola.com\/wp-content\/uploads\/2025\/12\/festa-del-carmine.jpg\" class=\"wp-block-cover__image-background wp-post-image\" alt=\"\" data-object-fit=\"cover\" srcset=\"https:\/\/infopointmottola.com\/wp-content\/uploads\/2025\/12\/festa-del-carmine.jpg 1536w, https:\/\/infopointmottola.com\/wp-content\/uploads\/2025\/12\/festa-del-carmine-225x300.jpg 225w, https:\/\/infopointmottola.com\/wp-content\/uploads\/2025\/12\/festa-del-carmine-768x1024.jpg 768w, https:\/\/infopointmottola.com\/wp-content\/uploads\/2025\/12\/festa-del-carmine-1152x1536.jpg 1152w\" sizes=\"auto, (max-width: 1536px) 100vw, 1536px\" \/><div class=\"wp-block-cover__inner-container has-global-padding is-layout-constrained wp-block-cover-is-layout-constrained\"><h2 class=\"wp-block-post-title\"><a href=\"https:\/\/infopointmottola.com\/es\/fede-e-religione\/festa-della-madonna-del-rosario-compatrona-della-citta-12-13-ottobre\/\" target=\"_self\" >Festa della Madonna del Rosario<\/a><\/h2>\r\n\r\n\r\n<hr class=\"wp-block-separator has-text-color has-base-color has-alpha-channel-opacity has-base-background-color has-background\"\/>\r\n<\/div><\/div>\r\n\r\n<\/li><li class=\"wp-block-post post-670 post type-post status-publish format-standard has-post-thumbnail hentry category-fede-e-religione\">\r\n\r\n<div class=\"wp-block-cover has-custom-content-position is-position-bottom-center animated fadeInUp o-anim-offset-o-anim-offset-0px\"><span aria-hidden=\"true\" class=\"wp-block-cover__background has-background-dim-30 has-background-dim\"><\/span><img loading=\"lazy\" decoding=\"async\" width=\"2048\" height=\"1363\" src=\"https:\/\/infopointmottola.com\/wp-content\/uploads\/2025\/12\/485681345_1075082124662281_5238990063090985790_n.jpg\" class=\"wp-block-cover__image-background wp-post-image\" alt=\"\" data-object-fit=\"cover\" srcset=\"https:\/\/infopointmottola.com\/wp-content\/uploads\/2025\/12\/485681345_1075082124662281_5238990063090985790_n.jpg 2048w, https:\/\/infopointmottola.com\/wp-content\/uploads\/2025\/12\/485681345_1075082124662281_5238990063090985790_n-300x200.jpg 300w, https:\/\/infopointmottola.com\/wp-content\/uploads\/2025\/12\/485681345_1075082124662281_5238990063090985790_n-1024x682.jpg 1024w, https:\/\/infopointmottola.com\/wp-content\/uploads\/2025\/12\/485681345_1075082124662281_5238990063090985790_n-768x511.jpg 768w, https:\/\/infopointmottola.com\/wp-content\/uploads\/2025\/12\/485681345_1075082124662281_5238990063090985790_n-1536x1022.jpg 1536w\" sizes=\"auto, (max-width: 2048px) 100vw, 2048px\" \/><div class=\"wp-block-cover__inner-container has-global-padding is-layout-constrained wp-block-cover-is-layout-constrained\"><h2 class=\"wp-block-post-title\"><a href=\"https:\/\/infopointmottola.com\/es\/fede-e-religione\/festa-patronale-di-san-tommaso-becket\/\" target=\"_self\" >Festa Patronale di San Tommaso Becket<\/a><\/h2>\r\n\r\n\r\n<hr class=\"wp-block-separator has-text-color has-base-color has-alpha-channel-opacity has-base-background-color has-background\"\/>\r\n<\/div><\/div>\r\n\r\n<\/li><li class=\"wp-block-post post-668 post type-post status-publish format-standard has-post-thumbnail hentry category-fede-e-religione\">\r\n\r\n<div class=\"wp-block-cover has-custom-content-position is-position-bottom-center animated fadeInUp o-anim-offset-o-anim-offset-0px\"><span aria-hidden=\"true\" class=\"wp-block-cover__background has-background-dim-30 has-background-dim\"><\/span><img loading=\"lazy\" decoding=\"async\" width=\"918\" height=\"599\" src=\"https:\/\/infopointmottola.com\/wp-content\/uploads\/2025\/12\/settimana-santa-2.jpg\" class=\"wp-block-cover__image-background wp-post-image\" alt=\"\" data-object-fit=\"cover\" srcset=\"https:\/\/infopointmottola.com\/wp-content\/uploads\/2025\/12\/settimana-santa-2.jpg 918w, https:\/\/infopointmottola.com\/wp-content\/uploads\/2025\/12\/settimana-santa-2-300x196.jpg 300w, https:\/\/infopointmottola.com\/wp-content\/uploads\/2025\/12\/settimana-santa-2-768x501.jpg 768w\" sizes=\"auto, (max-width: 918px) 100vw, 918px\" \/><div class=\"wp-block-cover__inner-container has-global-padding is-layout-constrained wp-block-cover-is-layout-constrained\"><h2 class=\"wp-block-post-title\"><a href=\"https:\/\/infopointmottola.com\/es\/fede-e-religione\/la-settimana-santa\/\" target=\"_self\" >La Settimana Santa<\/a><\/h2>\r\n\r\n\r\n<hr class=\"wp-block-separator has-text-color has-base-color has-alpha-channel-opacity has-base-background-color has-background\"\/>\r\n<\/div><\/div>\r\n\r\n<\/li><\/ul><\/div>\r\n\r\n\r\n\r\n<div class=\"wp-block-group is-layout-flow wp-block-group-is-layout-flow\"><\/div>\r\n<\/div>\r\n<\/div>\r\n\r\n\r\n\r\n<hr class=\"wp-block-separator has-text-color has-accent-1-color has-alpha-channel-opacity has-accent-1-background-color has-background\" style=\"margin-top:var(--wp--preset--spacing--50);margin-bottom:var(--wp--preset--spacing--50)\"\/>\r\n\r\n\r\n\r\n<h3 class=\"wp-block-heading\">Tradici\u00f3n y acogida<\/h3>\r\n\r\n\r\n\r\n<p>Las fiestas religiosas de Mottola no son solo momentos de fe, sino tambi\u00e9n ocasiones de encuentro, cultura y acogida.<br>Participar en estas celebraciones significa sumergirse en la historia y en el coraz\u00f3n aut\u00e9ntico de la ciudad: un viaje en la espiritualidad y en las emociones de una comunidad que custodia con orgullo sus propias ra\u00edces.<\/p>\r\n\r\n\r\n\r\n<div style=\"height:50px\" aria-hidden=\"true\" class=\"wp-block-spacer\"><\/div>\r\n","protected":false},"excerpt":{"rendered":"<p>Mottola es una ciudad que vive de fe, historia y tradiciones populares. Sus celebraciones religiosas cuentan siglos de devoci\u00f3n e identidad, entrelazando espiritualidad, cultura y comunidad.Cada a\u00f1o, las calles del centro hist\u00f3rico se llenan de luces, sonidos y oraciones, ofreciendo a los visitantes una experiencia aut\u00e9ntica y sugestiva. No se ha encontrado nada. Intenta realizar [&hellip;]<\/p>\n","protected":false},"author":1,"featured_media":0,"parent":0,"menu_order":0,"comment_status":"closed","ping_status":"closed","template":"page-no-title","meta":{"_acf_changed":false,"footnotes":""},"class_list":["post-24","page","type-page","status-publish","hentry"],"mb":[],"acf":[],"mfb_rest_fields":["title"],"_links":{"self":[{"href":"https:\/\/infopointmottola.com\/es\/wp-json\/wp\/v2\/pages\/24","targetHints":{"allow":["GET"]}}],"collection":[{"href":"https:\/\/infopointmottola.com\/es\/wp-json\/wp\/v2\/pages"}],"about":[{"href":"https:\/\/infopointmottola.com\/es\/wp-json\/wp\/v2\/types\/page"}],"author":[{"embeddable":true,"href":"https:\/\/infopointmottola.com\/es\/wp-json\/wp\/v2\/users\/1"}],"replies":[{"embeddable":true,"href":"https:\/\/infopointmottola.com\/es\/wp-json\/wp\/v2\/comments?post=24"}],"version-history":[{"count":19,"href":"https:\/\/infopointmottola.com\/es\/wp-json\/wp\/v2\/pages\/24\/revisions"}],"predecessor-version":[{"id":916,"href":"https:\/\/infopointmottola.com\/es\/wp-json\/wp\/v2\/pages\/24\/revisions\/916"}],"wp:attachment":[{"href":"https:\/\/infopointmottola.com\/es\/wp-json\/wp\/v2\/media?parent=24"}],"curies":[{"name":"wp","href":"https:\/\/api.w.org\/{rel}","templated":true}]}}

<div class="wp-block-cover alignfull is-light is-repeated flip" style="margin-top:0;margin-bottom:0;min-height:100px;aspect-ratio:unset;"><div class="wp-block-cover__image-background wp-image-460 size-full is-repeated" style="background-position:50% 50%;background-image:url(https://infopointmottola.com/wp-content/uploads/2025/12/path281.png)"></div><span aria-hidden="true" class="wp-block-cover__background has-background-dim-0 has-background-dim"></span><div class="wp-block-cover__inner-container has-global-padding is-layout-constrained wp-block-cover-is-layout-constrained">
<p class="has-text-align-center has-large-font-size"></p>
</div></div>



<div style="height:50px" aria-hidden="true" class="wp-block-spacer"></div>



<p>Mottola es una ciudad que vive de fe, historia y tradiciones populares. Sus celebraciones religiosas cuentan siglos de devoción e identidad, entrelazando espiritualidad, cultura y comunidad.<br>Cada año, las calles del centro histórico se llenan de luces, sonidos y oraciones, ofreciendo a los visitantes una experiencia auténtica y sugestiva.</p>



<div class="wp-block-group has-global-padding is-layout-constrained wp-block-group-is-layout-constrained">
<div class="wp-block-query alignwide is-layout-flow wp-block-query-is-layout-flow">
<div class="wp-block-group has-global-padding is-layout-constrained wp-block-group-is-layout-constrained"></div>



<div class="wp-block-group is-layout-flow wp-block-group-is-layout-flow" style="padding-top:var(--wp--preset--spacing--50);padding-bottom:var(--wp--preset--spacing--50)"><ul class="wp-block-post-template is-layout-grid wp-container-core-post-template-is-layout-3cd8e4d2 wp-block-post-template-is-layout-grid"><li class="wp-block-post post-904 post type-post status-publish format-standard has-post-thumbnail hentry category-fede-e-religione">

<div class="wp-block-cover has-custom-content-position is-position-bottom-center animated fadeInUp o-anim-offset-o-anim-offset-0px"><span aria-hidden="true" class="wp-block-cover__background has-background-dim-30 has-background-dim"></span><img loading="lazy" decoding="async" width="1536" height="1024" src="https://infopointmottola.com/wp-content/uploads/2025/12/falo-san-giuseppe.png" class="wp-block-cover__image-background wp-post-image" alt="" data-object-fit="cover" srcset="https://infopointmottola.com/wp-content/uploads/2025/12/falo-san-giuseppe.png 1536w, https://infopointmottola.com/wp-content/uploads/2025/12/falo-san-giuseppe-300x200.png 300w, https://infopointmottola.com/wp-content/uploads/2025/12/falo-san-giuseppe-1024x683.png 1024w, https://infopointmottola.com/wp-content/uploads/2025/12/falo-san-giuseppe-768x512.png 768w" sizes="auto, (max-width: 1536px) 100vw, 1536px" /><div class="wp-block-cover__inner-container has-global-padding is-layout-constrained wp-block-cover-is-layout-constrained"><h2 class="wp-block-post-title"><a href="https://infopointmottola.com/es/fede-e-religione/festa-di-san-giuseppe/" target="_self" >Festa di San Giuseppe</a></h2>


<hr class="wp-block-separator has-text-color has-base-color has-alpha-channel-opacity has-base-background-color has-background"/>
</div></div>

</li><li class="wp-block-post post-895 post type-post status-publish format-standard has-post-thumbnail hentry category-fede-e-religione">

<div class="wp-block-cover has-custom-content-position is-position-bottom-center animated fadeInUp o-anim-offset-o-anim-offset-0px"><span aria-hidden="true" class="wp-block-cover__background has-background-dim-30 has-background-dim"></span><img loading="lazy" decoding="async" width="1600" height="1200" src="https://infopointmottola.com/wp-content/uploads/2025/12/carmine.jpg" class="wp-block-cover__image-background wp-post-image" alt="" data-object-fit="cover" srcset="https://infopointmottola.com/wp-content/uploads/2025/12/carmine.jpg 1600w, https://infopointmottola.com/wp-content/uploads/2025/12/carmine-300x225.jpg 300w, https://infopointmottola.com/wp-content/uploads/2025/12/carmine-1024x768.jpg 1024w, https://infopointmottola.com/wp-content/uploads/2025/12/carmine-768x576.jpg 768w, https://infopointmottola.com/wp-content/uploads/2025/12/carmine-1536x1152.jpg 1536w" sizes="auto, (max-width: 1600px) 100vw, 1600px" /><div class="wp-block-cover__inner-container has-global-padding is-layout-constrained wp-block-cover-is-layout-constrained"><h2 class="wp-block-post-title"><a href="https://infopointmottola.com/es/fede-e-religione/festa-della-beata-vergine-del-carmelo/" target="_self" >Festa della Beata Vergine del Carmelo</a></h2>


<hr class="wp-block-separator has-text-color has-base-color has-alpha-channel-opacity has-base-background-color has-background"/>
</div></div>

</li><li class="wp-block-post post-886 post type-post status-publish format-standard has-post-thumbnail hentry category-fede-e-religione">

<div class="wp-block-cover has-custom-content-position is-position-bottom-center animated fadeInUp o-anim-offset-o-anim-offset-0px"><span aria-hidden="true" class="wp-block-cover__background has-background-dim-30 has-background-dim"></span><img loading="lazy" decoding="async" width="1536" height="2048" src="https://infopointmottola.com/wp-content/uploads/2025/12/festa-del-carmine.jpg" class="wp-block-cover__image-background wp-post-image" alt="" data-object-fit="cover" srcset="https://infopointmottola.com/wp-content/uploads/2025/12/festa-del-carmine.jpg 1536w, https://infopointmottola.com/wp-content/uploads/2025/12/festa-del-carmine-225x300.jpg 225w, https://infopointmottola.com/wp-content/uploads/2025/12/festa-del-carmine-768x1024.jpg 768w, https://infopointmottola.com/wp-content/uploads/2025/12/festa-del-carmine-1152x1536.jpg 1152w" sizes="auto, (max-width: 1536px) 100vw, 1536px" /><div class="wp-block-cover__inner-container has-global-padding is-layout-constrained wp-block-cover-is-layout-constrained"><h2 class="wp-block-post-title"><a href="https://infopointmottola.com/es/fede-e-religione/festa-della-madonna-del-rosario-compatrona-della-citta-12-13-ottobre/" target="_self" >Festa della Madonna del Rosario</a></h2>


<hr class="wp-block-separator has-text-color has-base-color has-alpha-channel-opacity has-base-background-color has-background"/>
</div></div>

</li><li class="wp-block-post post-670 post type-post status-publish format-standard has-post-thumbnail hentry category-fede-e-religione">

<div class="wp-block-cover has-custom-content-position is-position-bottom-center animated fadeInUp o-anim-offset-o-anim-offset-0px"><span aria-hidden="true" class="wp-block-cover__background has-background-dim-30 has-background-dim"></span><img loading="lazy" decoding="async" width="2048" height="1363" src="https://infopointmottola.com/wp-content/uploads/2025/12/485681345_1075082124662281_5238990063090985790_n.jpg" class="wp-block-cover__image-background wp-post-image" alt="" data-object-fit="cover" srcset="https://infopointmottola.com/wp-content/uploads/2025/12/485681345_1075082124662281_5238990063090985790_n.jpg 2048w, https://infopointmottola.com/wp-content/uploads/2025/12/485681345_1075082124662281_5238990063090985790_n-300x200.jpg 300w, https://infopointmottola.com/wp-content/uploads/2025/12/485681345_1075082124662281_5238990063090985790_n-1024x682.jpg 1024w, https://infopointmottola.com/wp-content/uploads/2025/12/485681345_1075082124662281_5238990063090985790_n-768x511.jpg 768w, https://infopointmottola.com/wp-content/uploads/2025/12/485681345_1075082124662281_5238990063090985790_n-1536x1022.jpg 1536w" sizes="auto, (max-width: 2048px) 100vw, 2048px" /><div class="wp-block-cover__inner-container has-global-padding is-layout-constrained wp-block-cover-is-layout-constrained"><h2 class="wp-block-post-title"><a href="https://infopointmottola.com/es/fede-e-religione/festa-patronale-di-san-tommaso-becket/" target="_self" >Festa Patronale di San Tommaso Becket</a></h2>


<hr class="wp-block-separator has-text-color has-base-color has-alpha-channel-opacity has-base-background-color has-background"/>
</div></div>

</li><li class="wp-block-post post-668 post type-post status-publish format-standard has-post-thumbnail hentry category-fede-e-religione">

<div class="wp-block-cover has-custom-content-position is-position-bottom-center animated fadeInUp o-anim-offset-o-anim-offset-0px"><span aria-hidden="true" class="wp-block-cover__background has-background-dim-30 has-background-dim"></span><img loading="lazy" decoding="async" width="918" height="599" src="https://infopointmottola.com/wp-content/uploads/2025/12/settimana-santa-2.jpg" class="wp-block-cover__image-background wp-post-image" alt="" data-object-fit="cover" srcset="https://infopointmottola.com/wp-content/uploads/2025/12/settimana-santa-2.jpg 918w, https://infopointmottola.com/wp-content/uploads/2025/12/settimana-santa-2-300x196.jpg 300w, https://infopointmottola.com/wp-content/uploads/2025/12/settimana-santa-2-768x501.jpg 768w" sizes="auto, (max-width: 918px) 100vw, 918px" /><div class="wp-block-cover__inner-container has-global-padding is-layout-constrained wp-block-cover-is-layout-constrained"><h2 class="wp-block-post-title"><a href="https://infopointmottola.com/es/fede-e-religione/la-settimana-santa/" target="_self" >La Settimana Santa</a></h2>


<hr class="wp-block-separator has-text-color has-base-color has-alpha-channel-opacity has-base-background-color has-background"/>
</div></div>

</li></ul></div>



<div class="wp-block-group is-layout-flow wp-block-group-is-layout-flow"></div>
</div>
</div>



<hr class="wp-block-separator has-text-color has-accent-1-color has-alpha-channel-opacity has-accent-1-background-color has-background" style="margin-top:var(--wp--preset--spacing--50);margin-bottom:var(--wp--preset--spacing--50)"/>



<h3 class="wp-block-heading">Tradición y acogida</h3>



<p>Las fiestas religiosas de Mottola no son solo momentos de fe, sino también ocasiones de encuentro, cultura y acogida.<br>Participar en estas celebraciones significa sumergirse en la historia y en el corazón auténtico de la ciudad: un viaje en la espiritualidad y en las emociones de una comunidad que custodia con orgullo sus propias raíces.</p>



<div style="height:50px" aria-hidden="true" class="wp-block-spacer"></div>

<p>Mottola es una ciudad que vive de fe, historia y tradiciones populares. Sus celebraciones religiosas cuentan siglos de devoción e identidad, entrelazando espiritualidad, cultura y comunidad.Cada año, las calles del centro histórico se llenan de luces, sonidos y oraciones, ofreciendo a los visitantes una experiencia auténtica y sugestiva. No se ha encontrado nada. Intenta realizar [&hellip;]</p>
